{"id":148,"date":"2006-01-23T00:00:00","date_gmt":"2006-01-23T02:00:00","guid":{"rendered":"https:\/\/filmincorp.com\/index.php\/tvshows\/a-feia-mais-bela\/"},"modified":"2006-01-23T00:00:00","modified_gmt":"2006-01-23T02:00:00","slug":"a-feia-mais-bela","status":"publish","type":"tvshows","link":"https:\/\/filmincorp.com\/index.php\/tvshows\/a-feia-mais-bela\/","title":{"rendered":"A Feia Mais Bela"},"content":{"rendered":"La Fea M\u00e1s Bella \u00e9 uma novela mexicana produzida pela Televisa. \u00c9 a segunda vers\u00e3o mexicana da popular novela colombiana: Betty la fea. La Fea m\u00e1s Bella \u00e9 protagonizada pela popular atriz \/ cantora \/ comediante Ang\u00e9lica Vale e o ator \/ cantor Jaime Camil, com um dos elencos coadjuvantes mais diversos e populares j\u00e1 reunidos no M\u00e9xico, incluindo Ang\u00e9lica Mar\u00eda, Jos\u00e9 Jos\u00e9, Sergio Mayer, Elizabeth \u00c1lvarez, Patricia Navidad e muitos outros.\n\nA Univision transmitiu epis\u00f3dios de 2 horas de La Fea M\u00e1s Bella de 13 de setembro de 2010 a 15 de abril de 2011 La Fea M\u00e1s Bella tamb\u00e9m ganhou o pr\u00eamio TV y Novelas de melhor telenovela do ano. Em 2009, foi dublado em \u00e1rabe e exibido na MTV L\u00edbano como Letty em vez de La Fea M\u00e1s Bella.\n\n\u201cA Melhor Telenovela do Ano 2007\u201d.","protected":false},"author":1,"featured_media":0,"comment_status":"open","ping_status":"closed","template":"","tags":[],"genres":[314],"dtcast":[652,851,850,847,707,846,849,852,818,848],"dtcreator":[854,853],"dtstudio":[304],"dtnetworks":[303],"dtyear":[845],"_links":{"self":[{"href":"https:\/\/filmincorp.com\/index.php\/wp-json\/wp\/v2\/tvshows\/148"}],"collection":[{"href":"https:\/\/filmincorp.com\/index.php\/wp-json\/wp\/v2\/tvshows"}],"about":[{"href":"https:\/\/filmincorp.com\/index.php\/wp-json\/wp\/v2\/types\/tvshows"}],"author":[{"embeddable":true,"href":"https:\/\/filmincorp.com\/index.php\/wp-json\/wp\/v2\/users\/1"}],"replies":[{"embeddable":true,"href":"https:\/\/filmincorp.com\/index.php\/wp-json\/wp\/v2\/comments?post=148"}],"wp:attachment":[{"href":"https:\/\/filmincorp.com\/index.php\/wp-json\/wp\/v2\/media?parent=148"}],"wp:term":[{"taxonomy":"post_tag","embeddable":true,"href":"https:\/\/filmincorp.com\/index.php\/wp-json\/wp\/v2\/tags?post=148"},{"taxonomy":"genres","embeddable":true,"href":"https:\/\/filmincorp.com\/index.php\/wp-json\/wp\/v2\/genres?post=148"},{"taxonomy":"dtcast","embeddable":true,"href":"https:\/\/filmincorp.com\/index.php\/wp-json\/wp\/v2\/dtcast?post=148"},{"taxonomy":"dtcreator","embeddable":true,"href":"https:\/\/filmincorp.com\/index.php\/wp-json\/wp\/v2\/dtcreator?post=148"},{"taxonomy":"dtstudio","embeddable":true,"href":"https:\/\/filmincorp.com\/index.php\/wp-json\/wp\/v2\/dtstudio?post=148"},{"taxonomy":"dtnetworks","embeddable":true,"href":"https:\/\/filmincorp.com\/index.php\/wp-json\/wp\/v2\/dtnetworks?post=148"},{"taxonomy":"dtyear","embeddable":true,"href":"https:\/\/filmincorp.com\/index.php\/wp-json\/wp\/v2\/dtyear?post=148"}],"curies":[{"name":"wp","href":"https:\/\/api.w.org\/{rel}","templated":true}]}}

La Fea Más Bella é uma novela mexicana produzida pela Televisa. É a segunda versão mexicana da popular novela colombiana: Betty la fea. La Fea más Bella é protagonizada pela popular atriz / cantora / comediante Angélica Vale e o ator / cantor Jaime Camil, com um dos elencos coadjuvantes mais diversos e populares já reunidos no México, incluindo Angélica María, José José, Sergio Mayer, Elizabeth Álvarez, Patricia Navidad e muitos outros.

A Univision transmitiu episódios de 2 horas de La Fea Más Bella de 13 de setembro de 2010 a 15 de abril de 2011 La Fea Más Bella também ganhou o prêmio TV y Novelas de melhor telenovela do ano. Em 2009, foi dublado em árabe e exibido na MTV Líbano como Letty em vez de La Fea Más Bella.

“A Melhor Telenovela do Ano 2007”.
